emainder when 27 is divided by 20.
7
What is the remainder when 264 is divided by 95?
74
Calculate the remainder when 157 is divided by 56.
45
Calculate the remainder when 81 is divided by 61.
20
Calculate the remainder when 56 is divided by 15.
11
Calculate the remainder when 189 is divided by 32.
29
Calculate the remainder when 16907 is divided by 89.
86
Calculate the remainder when 844 is divided by 85.
79
Calculate the remainder when 425 is divided by 27.
20
Calculate the remainder when 1767 is divided by 105.
87
What is the remainder when 5708 is divided by 51?
47
What is the remainder when 140 is divided by 135?
5
What is the remainder when 1209 is divided by 82?
61
Calculate the remainder when 683 is divided by 24.
11
What is the remainder when 365 is divided by 119?
8
Calculate the remainder when 1271 is divided by 792.
479
What is the remainder when 375 is divided by 14?
11
What is the remainder when 564 is divided by 22?
14
What is the remainder when 40 is divided by 12?
4
Calculate the remainder when 52 is divided by 42.
10
Calculate the remainder when 91 is divided by 66.
25
What is the remainder when 172 is divided by 70?
32
Calculate the remainder when 188 is divided by 53.
29
Calculate the remainder when 103 is divided by 11.
4
What is the remainder when 320 is divided by 82?
74
Calculate the remainder when 411 is divided by 23.
20
What is the remainder when 274 is divided by 14?
8
What is the remainder when 221 is divided by 217?
4
Calculate the remainder when 1066 is divided by 62.
12
Calculate the remainder when 1159 is divided by 27.
25
Calculate the remainder when 1956 is divided by 22.
20
What is the remainder when 1002 is divided by 273?
183
What is the remainder when 282 is divided by 148?
134
What is the remainder when 299 is divided by 52?
39
Calculate the remainder when 152 is divided by 26.
22
What is the remainder when 21897 is divided by 75?
72
Calculate the remainder when 158 is divided by 43.
29
Calculate the remainder when 127 is divided by 36.
19
Calculate the remainder when 214 is divided by 155.
59
What is the remainder when 5795 is divided by 12?
11
What is the remainder when 144 is divided by 46?
6
Calculate the remainder when 194 is divided by 29.
20
Calculate the remainder when 198 is divided by 16.
6
What is the remainder when 853 is divided by 393?
67
What is the remainder when 439 is divided by 12?
7
Calculate the remainder when 58 is divided by 7.
2
Calculate the remainder when 74 is divided by 10.
4
What is the remainder when 3659 is divided by 5?
4
Calculate the remainder when 318 is divided by 60.
18
What is the remainder when 2067 is divided by 115?
112
Calculate the remainder when 430 is divided by 11.
1
What is the remainder when 638 is divided by 42?
8
Calculate the remainder when 1603 is divided by 228.
7
Calculate the remainder when 4991 is divided by 415.
11
Calculate the remainder when 602 is divided by 182.
56
Calculate the remainder when 245 is divided by 31.
28
Calculate the remainder when 842 is divided by 45.
32
What is the remainder when 1030 is divided by 61?
54
Calculate the remainder when 95 is divided by 7.
4
What is the remainder when 60 is divided by 8?
4
Calculate the remainder when 1616 is divided by 21.
20
Calculate the remainder when 129 is divided by 48.
33
What is the remainder when 36 is divided by 3?
0
Calculate the remainder when 9982 is divided by 4.
2
What is the remainder when 4351 is divided by 189?
4
What is the remainder when 349 is divided by 32?
29
Calculate the remainder when 482 is divided by 63.
41
Calculate the remainder when 34 is divided by 22.
12
What is the remainder when 243 is divided by 50?
43
Calculate the remainder when 7685 is divided by 62.
59
What is the remainder when 1009 is divided by 30?
19
What is the remainder when 599 is divided by 596?
3
What is the remainder when 139 is divided by 49?
41
What is the remainder when 85 is divided by 4?
1
What is the remainder when 171 is divided by 56?
3
Calculate the remainder when 124 is divided by 32.
28
Calculate the remainder when 286 is divided by 9.
7
What is the remainder when 199 is divided by 187?
12
What is the remainder when 299 is divided by 67?
31
Calculate the remainder when 1903 is divided by 17.
16
Calculate the remainder when 371 is divided by 129.
113
What is the remainder when 2308 is divided by 192?
4
What is the remainder when 153 is divided by 18?
9
What is the remainder when 195 is divided by 107?
88
Calculate the remainder when 132 is divided by 34.
30
What is the remainder when 1572 is divided by 161?
123
What is the remainder when 46 is divided by 11?
2
What is the remainder when 541 is divided by 26?
21
Calculate the remainder when 1467 is divided by 105.
102
Calculate the remainder when 180 is divided by 46.
42
What is the remainder when 135 is divided by 9?
0
What is the remainder when 1021 is divided by 274?
199
What is the remainder when 2966 is divided by 1472?
22
What is the remainder when 539 is divided by 108?
107
Calculate the remainder when 1435 is divided by 240.
235
What is the remainder when 685 is divided by 73?
28
What is the remainder when 1151 is divided by 96?
95
What is the remainder when 2549 is divided by 17?
16
Calculate the remainder when 445 is divided by 19.
8
What is the remainder when 622 is divided by 89?
88
What is the remainder when 725 is divided by 352?
21
What is the remainder when 1469 is divided by 162?
11
What is the remainder when 3533 is divided by 101?
99
What is the remainder when 180 is divided by 8?
4
What is the remainder when 191 is divided by 16?
15
Calculate the remainder when 2426 is divided by 804.
14
What is the remainder when 1773 is divided by 6?
3
What is the remainder when 162 is divided by 46?
24
Calculate the remainder when 301 is divided by 151.
150
What is the remainder when 26 is divided by 22?
4
What is the remainder when 1813 is divided by 7?
0
What is the remainder when 100 is divided by 51?
49
Calculate the remainder when 156 is divided by 41.
33
Calculate the remainder when 25 is divided by 20.
5
Calculate the remainder when 167 is divided by 81.
5
What is the remainder when 133 is divided by 37?
22
What is the remainder when 333 is divided by 82?
5
Calculate the remainder when 82 is divided by 36.
10
What is the remainder when 358 is divided by 115?
13
Calculate the remainder when 2553 is divided by 1269.
15
Calculate the remainder when 768 is divided by 22.
20
What is the remainder when 1089 is divided by 28?
25
What is the remainder when 9251 is divided by 6?
5
What is the remainder when 964 is divided by 321?
1
Calculate the remainder when 3639 is divided by 70.
69
Calculate the remainder when 873 is divided by 291.
0
Calculate the remainder when 257 is divided by 13.
10
Calculate the remainder when 1306 is divided by 17.
14
What is the remainder when 773 is divided by 130?
123
What is the remainder when 17170 is divided by 21?
13
What is the remainder when 273 is divided by 23?
20
Calculate the remainder when 1878 is divided by 469.
2
Calculate the remainder when 24 is divided by 15.
9
What is the remainder when 14143 is divided by 416?
415
Calculate the remainder when 227 is divided by 48.
35
Calculate the remainder when 626 is divided by 202.
20
Calculate the remainder when 855 is divided by 15.
0
What is the remainder when 345 is divided by 40?
25
What is the remainder when 537 is divided by 15?
12
What is the remainder when 321 is divided by 17?
15
Calculate the remainder when 159 is divided by 61.
37
What is the remainder when 937 is divided by 19?
6
Calculate the remainder when 147 is divided by 74.
73
Calculate the remainder when 948 is divided by 15.
3
What is the remainder when 286 is divided by 18?
16
What is the remainder when 681 is divided by 375?
306
Calculate the remainder when 1070 is divided by 67.
65
Calculate the remainder when 77 is divided by 5.
2
What is the remainder when 296 is divided by 258?
38
Calculate the remainder when 394 is divided by 36.
34
What is the remainder when 323 is divided by 6?
5
What is the remainder when 1441 is divided by 13?
11
What is the remainder when 54 is divided by 30?
24
What is the remainder when 161 is divided by 59?
43
What is the remainder when 5044 